{"id":1287,"date":"2015-09-17T09:41:22","date_gmt":"2015-09-17T09:41:22","guid":{"rendered":"http:\/\/kreativ.scrapastic.com\/?page_id=1287"},"modified":"2015-09-17T09:45:51","modified_gmt":"2015-09-17T09:45:51","slug":"photopolymerstempel-fimo","status":"publish","type":"page","link":"https:\/\/kreativ.scrapastic.com\/?page_id=1287","title":{"rendered":"Photopolymerstempel + Fimo"},"content":{"rendered":"<p>Ha! Dir l\u00e4uft schon ein eisiger Schauer den R\u00fccken runter wenn Du das liest?<br \/>\nPhotopolymerstempel und Fimo.<br \/>\n*schauder*<br \/>\nUm welchen Teil machst Du Dir mehr Sorgen?<br \/>\nDen Stempel?<br \/>\nDas Fimo?<br \/>\n&#8230;ich kann mich nicht entscheiden, ich find&#8217;s so oder so grausam.<br \/>\nAber wat mutt dat mutt!<\/p>\n<p>Tag 1:<br \/>\nIch opfere ein St\u00fcck Stempel und ein St\u00fcck Fimo Kids.<br \/>\nWarum Fimo Kids? Es ist das fieseste Fimo das man f\u00fcr diesen Versuch nehmen kann.<\/p>\n<p><img decoding=\"async\" src=\"https:\/\/kreativ.scrapastic.com\/wp-content\/uploads\/2015\/hardware\/photopolymerstamps-and-fimo\/photopolymerstempel_und_fimo_1.jpg\" alt=\"Photopolymerstempel und Fimo\" \/><\/p>\n<p>Der Stempel pappt auf der Arbeitsfl\u00e4che fest, das Fimo habe ich draufgedr\u00fcckt.<br \/>\nSchlaft gut ihr Zwei!<\/p>\n<p><img decoding=\"async\" src=\"https:\/\/kreativ.scrapastic.com\/wp-content\/uploads\/2015\/hardware\/photopolymerstamps-and-fimo\/photopolymerstempel_und_fimo_2.jpg\" alt=\"Photopolymerstempel und Fimo\" \/><\/p>\n<p>Vier! Tage sp\u00e4ter.<br \/>\nWird es wohl F\u00e4den ziehen? *grusel*<\/p>\n<p><img decoding=\"async\" src=\"https:\/\/kreativ.scrapastic.com\/wp-content\/uploads\/2015\/hardware\/photopolymerstamps-and-fimo\/photopolymerstempel_und_fimo_3.jpg\" alt=\"Photopolymerstempel und Fimo\" \/><\/p>\n<p>N\u00f6.<\/p>\n<p><img decoding=\"async\" src=\"https:\/\/kreativ.scrapastic.com\/wp-content\/uploads\/2015\/hardware\/photopolymerstamps-and-fimo\/photopolymerstempel_und_fimo_4.jpg\" alt=\"Photopolymerstempel und Fimo\" \/><\/p>\n<p>Dem Fimo Kids geht&#8217;s erstunlich gut. Es ist nicht mehr ganz soooo weich, es lag halt vier Tage an der Luft rum.<br \/>\nDurchaus brauchbar \ud83d\ude00<\/p>\n<p><img decoding=\"async\" src=\"https:\/\/kreativ.scrapastic.com\/wp-content\/uploads\/2015\/hardware\/photopolymerstamps-and-fimo\/photopolymerstempel_und_fimo_5.jpg\" alt=\"Photopolymerstempel und Fimo\" \/><\/p>\n<p>Mein St\u00fcck Stempel ist hingegen blind geworden.<br \/>\nSchnief.<\/p>\n<p><img decoding=\"async\" src=\"https:\/\/kreativ.scrapastic.com\/wp-content\/uploads\/2015\/hardware\/photopolymerstamps-and-fimo\/photopolymerstempel_und_fimo_6.jpg\" alt=\"Photopolymerstempel und Fimo\" \/><\/p>\n<p>Guck mal.<br \/>\nKlebt auch nimmer.<\/p>\n<p><img decoding=\"async\" src=\"https:\/\/kreativ.scrapastic.com\/wp-content\/uploads\/2015\/hardware\/photopolymerstamps-and-fimo\/photopolymerstempel_und_fimo_7.jpg\" alt=\"Photopolymerstempel und Fimo\" \/><\/p>\n<p>Ich versuch&#8217;s einfach.<br \/>\nIch schubse ihn auf einen Acrylblock (pappt aber nicht) und putze ihn.<\/p>\n<p><img decoding=\"async\" src=\"https:\/\/kreativ.scrapastic.com\/wp-content\/uploads\/2015\/hardware\/photopolymerstamps-and-fimo\/photopolymerstempel_und_fimo_8.jpg\" alt=\"Photopolymerstempel und Fimo\" \/><\/p>\n<p>Sobald die Oberfl\u00e4che trocken ist, drehe ich den Stempel um und hurrah! der pappt wieder wie Hulle auf dem Acrylblock!<br \/>\nYeah!<\/p>\n<p><img decoding=\"async\" src=\"https:\/\/kreativ.scrapastic.com\/wp-content\/uploads\/2015\/hardware\/photopolymerstamps-and-fimo\/photopolymerstempel_und_fimo_9.jpg\" alt=\"Photopolymerstempel und Fimo\" \/><\/p>\n<p>Andere Seite putzen.<br \/>\nDas Teil ist wie neu!<br \/>\nNix passiert!<\/p>\n<p><img decoding=\"async\" src=\"https:\/\/kreativ.scrapastic.com\/wp-content\/uploads\/2015\/hardware\/photopolymerstamps-and-fimo\/photopolymerstempel_und_fimo_10.jpg\" alt=\"Photopolymerstempel und Fimo\" \/><\/p>\n<p>Stempelabdr\u00fccke machen!<\/p>\n<p><img decoding=\"async\" src=\"https:\/\/kreativ.scrapastic.com\/wp-content\/uploads\/2015\/hardware\/photopolymerstamps-and-fimo\/photopolymerstempel_und_fimo_11.jpg\" alt=\"Photopolymerstempel und Fimo\" \/><\/p>\n<p>Photopolymerstempel und Distress Ink sind so eine Sache.<br \/>\nIch nenne es &#8222;spezielle Effekte&#8220;, manchmal finde ich das absolut super!<\/p>\n<p><img decoding=\"async\" src=\"https:\/\/kreativ.scrapastic.com\/wp-content\/uploads\/2015\/hardware\/photopolymerstamps-and-fimo\/photopolymerstempel_und_fimo_12.jpg\" alt=\"Photopolymerstempel und Fimo\" \/><\/p>\n<p>Archival Ink&#8230;<\/p>\n<p><img decoding=\"async\" src=\"https:\/\/kreativ.scrapastic.com\/wp-content\/uploads\/2015\/hardware\/photopolymerstamps-and-fimo\/photopolymerstempel_und_fimo_13.jpg\" alt=\"Photopolymerstempel und Fimo\" \/><\/p>\n<p>&#8230;stempelt superperfekt.<br \/>\nDu siehst, das Fimo hat dem Stempelchen wirklich nichts getan. Ganze vier Tage lang nicht. Wow!<br \/>\nAllerdings f\u00e4rbt Archival Ink den Stempel bissel ein.<\/p>\n<p><img decoding=\"async\" src=\"https:\/\/kreativ.scrapastic.com\/wp-content\/uploads\/2015\/hardware\/photopolymerstamps-and-fimo\/photopolymerstempel_und_fimo_14.jpg\" alt=\"Photopolymerstempel und Fimo\" \/><\/p>\n<p>Sch\u00f6ner, satter, perfekter Abdruck!<\/p>\n<p><img decoding=\"async\" src=\"https:\/\/kreativ.scrapastic.com\/wp-content\/uploads\/2015\/hardware\/photopolymerstamps-and-fimo\/photopolymerstempel_und_fimo_15.jpg\" alt=\"Photopolymerstempel und Fimo\" \/><\/p>\n<p>Ne Du der ist sauber, so sieht er dann halt aus wenn er gereinigt ist.<\/p>\n<p><img decoding=\"async\" src=\"https:\/\/kreativ.scrapastic.com\/wp-content\/uploads\/2015\/hardware\/photopolymerstamps-and-fimo\/photopolymerstempel_und_fimo_16.jpg\" alt=\"Photopolymerstempel und Fimo\" \/><\/p>\n<p>Auch ganz spannend:<br \/>\nDen schwarzen Abdruck kennst ja schon, der grad nebendran ist der zweite und der ganz hellgraue der dritte Abdruck mit Archival Ink.<\/p>\n<p><img decoding=\"async\" src=\"https:\/\/kreativ.scrapastic.com\/wp-content\/uploads\/2015\/hardware\/photopolymerstamps-and-fimo\/photopolymerstempel_und_fimo_17.jpg\" alt=\"Photopolymerstempel und Fimo\" \/><\/p>\n<p>Fimo macht dem Stempel weniger als mein Putztuch, siehst Du die Kratzer?<\/p>\n<p><img decoding=\"async\" src=\"https:\/\/kreativ.scrapastic.com\/wp-content\/uploads\/2015\/hardware\/photopolymerstamps-and-fimo\/photopolymerstempel_und_fimo_19.jpg\" alt=\"Photopolymerstempel und Fimo\" \/><\/p>\n<p>Autsch.<br \/>\nAlso vorsichtig reinigen.<\/p>\n<p><img decoding=\"async\" src=\"https:\/\/kreativ.scrapastic.com\/wp-content\/uploads\/2015\/hardware\/photopolymerstamps-and-fimo\/photopolymerstempel_und_fimo_20.jpg\" alt=\"Photopolymerstempel und Fimo\" \/><\/p>\n<p>Ist schnell passiert.<\/p>\n<p><img decoding=\"async\" src=\"https:\/\/kreativ.scrapastic.com\/wp-content\/uploads\/2015\/hardware\/photopolymerstamps-and-fimo\/photopolymerstempel_und_fimo_21.jpg\" alt=\"Photopolymerstempel und Fimo\" \/><\/p>\n<p>Kleiner Stempelkissenexzess *kicher*<br \/>\nDie beiden hellblauen Abdr\u00fcck sind vom Artoz-Stempelkissen, das ist inzwischen ziemlich ausgetrocknet und das Stempelkissen l\u00f6st sich \u00fcbel von der Schachtel.<br \/>\nDas dunklere Blau gleich nebem Archival Ink ist Adirondack Brights, Pigment Ink.<br \/>\nSo auch die satten gr\u00fcnen Abdr\u00fccke.<br \/>\nSpannend, nicht?<\/p>\n<p><img decoding=\"async\" src=\"https:\/\/kreativ.scrapastic.com\/wp-content\/uploads\/2015\/hardware\/photopolymerstamps-and-fimo\/photopolymerstempel_und_fimo_22.jpg\" alt=\"Photopolymerstempel und Fimo\" \/><\/p>\n<p>A propos spannend:<br \/>\nIch habe mir ein Hundebuch gekauft \ud83d\ude00<\/p>\n<p><img decoding=\"async\" src=\"https:\/\/kreativ.scrapastic.com\/wp-content\/uploads\/2015\/hardware\/photopolymerstamps-and-fimo\/hundebuch.jpg\" alt=\"darum braucht Katze einen Hund!\" \/><\/p>\n<p>Wenn Du mehr \u00fcber Fimo wissen m\u00f6chstest, guck einfach bei <a href=\"http:\/\/kreativ.fimotic.com\/\" target=\"_blank\">kreativ.fimotic. com<\/a> rein:<br \/>\nDort findest Du meine Fimoanleitungen \ud83d\ude00<br \/>\nFalls Du das Hundebuch lesen m\u00f6chtest: ich kann&#8217;s Dir empfehlen, auch wenn Du keinen Hund hast.<br \/>\nEs ist nicht wirklich ein Hundebuch, es ist mehr eine Anleitung f\u00fcr ein zufriedeneres Leben \ud83d\ude00<br \/>\nEs heisst &#8222;Positiv best\u00e4rken &#8211; sanft erziehen<br \/>\nDie verbl\u00fcffende Methode, nicht nur f\u00fcr Hunde&#8220;<br \/>\nvon Karen Pryor.<br \/>\nDu wirst mit Deinem Chef, Deinen Kindern, deren Kumpels, Deinem Mann und Deiner Schwester ein entspannteres Verh\u00e4ltnis haben \ud83d\ude00<\/p>\n<p>Genug geplappert &#8211; verlasse Dich bitte nicht auf diesen einen Test. Der gilt f\u00fcr diese meine Stempel.<br \/>\nWenn Du Fimo stempelst mach das m\u00f6glichst immer zackig und putz die Stempel danach schnell und gut.<br \/>\nOder opfere ein St\u00fcckchen und lass es liegen, so kannst Du prima absch\u00e4tzen was passieren wird.<\/p>\n<p>Viel Spass beim testen und werkeln,<br \/>\nliebe Gr\u00fcsse,<br \/>\nEure Tumana<\/p>\n","protected":false},"excerpt":{"rendered":"<p>Ha! Dir l\u00e4uft schon ein eisiger Schauer den R\u00fccken runter wenn Du das liest? Photopolymerstempel und Fimo. *schauder* Um welchen Teil machst Du Dir mehr Sorgen? Den Stempel? Das Fimo? &#8230;ich kann mich nicht entscheiden, ich find&#8217;s so oder so &hellip; <a href=\"https:\/\/kreativ.scrapastic.com\/?page_id=1287\">Weiterlesen <span class=\"meta-nav\">&rarr;<\/span><\/a><\/p>\n","protected":false},"author":2,"featured_media":0,"parent":365,"menu_order":0,"comment_status":"closed","ping_status":"closed","template":"","meta":{"footnotes":""},"class_list":["post-1287","page","type-page","status-publish","hentry"],"_links":{"self":[{"href":"https:\/\/kreativ.scrapastic.com\/index.php?rest_route=\/wp\/v2\/pages\/1287","targetHints":{"allow":["GET"]}}],"collection":[{"href":"https:\/\/kreativ.scrapastic.com\/index.php?rest_route=\/wp\/v2\/pages"}],"about":[{"href":"https:\/\/kreativ.scrapastic.com\/index.php?rest_route=\/wp\/v2\/types\/page"}],"author":[{"embeddable":true,"href":"https:\/\/kreativ.scrapastic.com\/index.php?rest_route=\/wp\/v2\/users\/2"}],"replies":[{"embeddable":true,"href":"https:\/\/kreativ.scrapastic.com\/index.php?rest_route=%2Fwp%2Fv2%2Fcomments&post=1287"}],"version-history":[{"count":3,"href":"https:\/\/kreativ.scrapastic.com\/index.php?rest_route=\/wp\/v2\/pages\/1287\/revisions"}],"predecessor-version":[{"id":1290,"href":"https:\/\/kreativ.scrapastic.com\/index.php?rest_route=\/wp\/v2\/pages\/1287\/revisions\/1290"}],"up":[{"embeddable":true,"href":"https:\/\/kreativ.scrapastic.com\/index.php?rest_route=\/wp\/v2\/pages\/365"}],"wp:attachment":[{"href":"https:\/\/kreativ.scrapastic.com\/index.php?rest_route=%2Fwp%2Fv2%2Fmedia&parent=1287"}],"curies":[{"name":"wp","href":"https:\/\/api.w.org\/{rel}","templated":true}]}}